- 2*a = -4. Suppose 5*d = 8*d. Suppose d*x - 8 = -a*x. What are the prime factors of x?
2
Let n(b) = b + 1. Suppose 2 + 8 = 2*c. Suppose 0 = -4*a + 3*h - 5, 6*h - c*h - 8 = -5*a. List the prime factors of n(a).
2
Let u = 48 + -34. Suppose 3*l - u = -s + l, -5*s + 28 = -4*l. List the prime factors of s.
2
Let m(a) be the third derivative of a**4/4 - 23*a**3/6 + 3*a**2. Let o(z) = -2*z + 8. Let b(k) = 4*m(k) + 11*o(k). List the prime factors of b(6).
2
Let m(b) = -b + 9. Let w(g) = -g**2 + 6*g - 1. Let d be w(5). What are the prime factors of m(d)?
5
Suppose 2*x = -3*l - 25, -4*x + 4*l - 6 - 14 = 0. Let d = x + 12. What are the prime factors of d?
2
Suppose 8*a = 3*a + 180. Let u = 63 - a. Let h = u + -19. List the prime factors of h.
2
Let m(z) = 2*z**2 - 2*z. Let h be m(-2). Let i be (8/h)/(4/18). Suppose i*r + 6 = 33. What are the prime factors of r?
3
Suppose 2*y - 76 = -3*l, y + 14 - 38 = -l. What are the prime factors of l?
2, 7
Suppose -w = -4, -5*p + 16 = -p + 4*w. What are the prime factors of p - 3/3 - -4?
3
Let s be (-2)/6 + (-772)/(-12). Suppose 5*l - s = l. List the prime factors of l.
2
List the prime factors of (2/(-3))/(4/(-222)).
37
Suppose -33*j - 1800 = -43*j. List the prime factors of j.
2, 3, 5
List the prime factors of (-2 - -8)/(2/11).
3, 11
Let t = -62 - -90. List the prime factors of t.
2, 7
Let j(d) = d**3 + 4*d**2 - 3*d - 6. Let w be j(-4). List the prime factors of (-4)/w - (-312)/9.
2, 17
Let l(z) = -z**3 - 8*z**2 - 7*z + 5. Let s be l(-7). Let p = -1 + s. Suppose 0 = 4*u - p*w - 16, -19 = -5*u - 2*w + 6*w. List the prime factors of u.
3
What are the prime factors of (-42)/(-98) + (-11)/(-7)?
2
Suppose 0 = -4*p + p + 9. Suppose 2*f - 5 = p. Suppose -5*w + 11 = -f. What are the prime factors of w?
3
Let s(d) = 0 - 2*d - 3*d**3 - 1 + 2*d**3. Let q be s(-2). Let r = 1 + q. List the prime factors of r.
2, 3
Let q = -6 - -75. List the prime factors of q.
3, 23
Let s(d) = -5*d**3 + 7*d**2 - d - 2. Let f(q) = -4*q**3 + 6*q**2 - 2. Let g(y) = 3*f(y) - 2*s(y). Let t be g(3). Let w = 25 + t. List the prime factors of w.
11
Let x(s) = 2*s - 21. Let o(j) = -j + 14. Let z(k) = 7*o(k) + 5*x(k). List the prime factors of z(11).
2, 13
Suppose -3*d + 126 = -2*f, -5*d - 3*f + 303 - 93 = 0. Let a = d + -25. List the prime factors of a.
17
Suppose -2*z = -5*c - 73, 3*z - c - 35 = 42. Suppose -z = -2*o + 6. List the prime factors of o.
3, 5
Suppose p - 12 = 5*p. Let g(d) = d**3 + 4*d**2 + 1. What are the prime factors of g(p)?
2, 5
Suppose o - 7 = 14. Let x be o/4 + 4/(-16). Suppose -4*m - x = 15, -4*m - 15 = b. List the prime factors of b.
5
Suppose g = -3*g + 12. List the prime factors of 9*((-6)/g + 5).
3
Let g = -10 - -14. Let f be (-2)/g*(-12)/6. List the prime factors of 2 + 12*(2 - f).
2, 7
Let u = 0 + 2. List the prime factors of 177/15 - u/(-10).
2, 3
Let m(f) = -13*f - 3. List the prime factors of m(-2).
23
Let m(d) = 2*d**3 - 6*d - 2. List the prime factors of m(3).
2, 17
Let g(j) = j**2 - 2*j - 4. List the prime factors of g(6).
2, 5
Let s(z) = z**3 - 6*z**2 + z - 6. Let a be s(6). Let q = a + 0. Suppose q = 3*d - d - 28. List the prime factors of d.
2, 7
Suppose o = -5*u + 3*o + 27, u + 3*o - 19 = 0. What are the prime factors of u?
7
Let u(c) = 7*c**3 + 13*c**2 - 2*c + 7. Let s(z) = 4*z**3 + 7*z**2 - z + 4. Let m(p) = -5*s(p) + 3*u(p). What are the prime factors of m(-3)?
13
What are the prime factors of 3/3*22/1?
2, 11
Let v be (-95)/(-35) - (-4)/14. Suppose 7 = v*m - 3*b - 59, 5*b - 26 = -3*m. List the prime factors of m.
17
Suppose c + c = 6. Suppose 6*s - 2 = j + 4*s, -2*j - 2 = -c*s. What are the prime factors of j?
2
Let p = 3 - 7. Let j = p - -8. What are the prime factors of j?
2
Let s(g) = -g - 6. Let h be s(-6). Suppose -11 = -4*a + 9, h = 4*y + 4*a - 140. List the prime factors of y.
2, 3, 5
Suppose -n + 2 = -2*q, -4*n - q - 3 = 2*q. Let h(i) = -i**2 - i + 6. What are the prime factors of h(n)?
2, 3
Suppose -5*o + 590 = -2*w, 4*o - 409 = 4*w + 75. Let t = o + -81. List the prime factors of t.
5, 7
Let r = 0 + -5. Let q = r + 13. List the prime factors of q.
2
Suppose 4*k + 4*w - 322 - 38 = 0, -4*k + 345 = w. Suppose 4*p - k = -5*t, 5*t - 5*p = t + 68. What are the prime factors of t?
17
Let s be 3/(-12) - (-26)/8. Suppose -4*x - 7 = c, c + 3*x + 1 = -s. List the prime factors of c.
5
Let f = 5 - 5. Suppose -3*c + 3*n = -c - 22, f = -c - 4*n. Suppose -c*p + 3*p = -10. What are the prime factors of p?
2
Let d(j) = j**2 - j + 30. Suppose -4*i = -5*i. Let h be d(i). Let b = 42 - h. List the prime factors of b.
2, 3
Suppose 2*v = 55 - 21. Suppose -4*g + 23 + v = 0. What are the prime factors of g?
2, 5
Let v(c) = c**3 - c**2 - 5*c + 3. Let w be v(3). Suppose -w = -3*o - 0. List the prime factors of o.
2
Suppose n + k + 10 = 3, 2*n + 17 = -3*k. Let v be 1/(-1)*n - 2. Suppose -3*w + v*w + 2 = 0. What are the prime factors of w?
2
Let c(s) = -s - 1. Let o be c(-3). Let l be 1 - 3*o/3. List the prime factors of l/(-1 + 30/32).
2
Let q(z) = z**2 - 17*z + 1. Let y be q(7). Let s = 98 + y. List the prime factors of s.
29
Let j(v) = v**3 - 5*v**2 + 2*v - 4. Suppose 0 = -4*b + a - 0*a + 17, -3*b + 6 = -3*a. What are the prime factors of j(b)?
2, 3
Suppose -4*f + 7 = -5*a, -2*f = 4*a - 8 - 2. Suppose 0 = -f*d - 2*d - 5. List the prime factors of d/(-2) - 13/(-2).
7
Let z = 72 - 22. List the prime factors of z.
2, 5
Let k(w) = w**3 + 13*w**2 + 12*w - 1. Let t be k(-12). Let l be -8*(-1 + t/(-2)). Suppose v - l*v = -60. What are the prime factors of v?
2, 5
Let i = 19 - 15. Suppose 2*h - 48 = 5*m, 4*m - 70 = -i*h + m. What are the prime factors of h?
19
Suppose 3*v - 2*v = 0. Suppose 5*y + 27 = 2*b, v = -2*b + 3*b + 5*y - 51. What are the prime factors of b?
2, 13
Let t(f) = -4 + 1 - f + 2. Let s be t(-3). Suppose -5*q = y + 6, 81 - 18 = s*y - 5*q. List the prime factors of y.
19
Let m(p) = p**3 + p**2 + p + 6. Let c be m(0). Suppose -2*o + 4*v = -c*o + 4, -4*v - 11 = o. List the prime factors of o.
5
Suppose -4*d - 55 = -15. Let i = -11 - d. What are the prime factors of (8 - 7)/(i/(-9))?
3
Let f(q) = -q**3 - 7*q**2 + 11*q + 2. What are the prime factors of f(-9)?
5, 13
Suppose -2 = 5*y - 12. Suppose 2*g - 4*u - 100 = -0*g, 5*u = -5. Suppose 2*z + y*z = g. What are the prime factors of z?
2, 3
Suppose -h = -5*h + 8. Let d(b) = 2*b**2 - 4*b + 3. Let g be d(h). Suppose 15 = g*x - 0. List the prime factors of x.
5
Suppose -5*h + 2*r = -1160, 2*r = -5*h + 770 + 410. List the prime factors of h.
2, 3, 13
Let y(m) = 15*m**2 - 2*m + 1. Let z be y(1). Suppose -2*p - x + 6*x = -24, 3*p - z = 2*x. What are the prime factors of (p/(-2))/1 - -16?
3, 5
Let s be 134/(-10) - (-16)/40. Let v = s + 24. List the prime factors of v.
11
Let t be -7 + 4 - (-6)/1. Suppose 4*y + 38 = 3*x, 2*y + 7 = -t*x + 69. What are the prime factors of x?
2, 3
Let w(c) = c**2 - 3*c + 9. Let z be w(6). Let n = 39 - z. List the prime factors of n.
2, 3
Let l = -1 - -3. Suppose 12 = 2*f - 2*n - l, 12 = 3*n. What are the prime factors of f?
11
Let k(q) = q**2 + 6*q + 3. Let z be k(-5). Let a = -2 - z. Suppose a = -2*c - c + 27. What are the prime factors of c?
3
Let s be 0/((-3 - -1)*-1). Suppose 5*u = -3*r + 5, -r + 0*r - u - 1 = s. List the prime factors of (-22)/r + 4/(-10).
2
Let f(p) = -p**2 - 3*p + 3. Let i be f(-3). Suppose 0 = 2*w - o - 9, 12 = i*w - 2*o + o. What are the prime factors of w?
3
Suppose 3*j = -d - 4173, 5*j = -5*d - 9024 + 2069. What are the prime factors of j/(-91) + 4/(-14)?
3, 5
Let r = -108 - -196. Suppose r = 2*z - 5*s + 2*s, 132 = 3*z - 4*s. Suppose -5*j + j + 2*o = -z, j = -2*o + 16. List the prime factors of j.
2, 3
Suppose -3*n - 466 + 1235 = -5*h, 0 = h + 5. List the prime factors of (9/(-6))/((-12)/n).
31
Suppose -h = -f + 138, -3*h = 3*f - 349 - 59. List the prime factors of f.
137
Suppose 55 = a - 5*m, 2*a - m - 83 = -0*a. List the prime factors of a.
2, 5
Let o(c) = c**2 - 1. Let s be o(1). Let r(n) be the third derivative of -n**5/60 + n**3/2 - n**2. What are the prime factors of r(s)?
3
Let j = 3 + 5. Suppose -4*w + w - x = -8, w + j = -3*x. List the prime factors of w.
2
Let w(h) = h**3 + 6*h**2 + 3*h - 6. Let a be w(-5). Suppose 2*z - 30 = -2*f, 2*f - 14 = -a*z + 44. What are the prime factors of 3/(-2)*z/(-3)?
7
Let q(n) =